= 3*y - 3. List the prime factors of g.
5
Suppose -3*f + 8 = t - 26, 0 = -f + 3*t + 18. Let y = f - 8. List the prime factors of y.
2
Suppose 4*m - 126 = -3*m. List the prime factors of m.
2, 3
Suppose -2*b = -3*c - 43, 3*c = -3*b + 71 + 1. Suppose -4*i + b = -5. List the prime factors of i.
7
Let z be 29/5 + (-2)/(-10). Suppose z*q - q = -10. List the prime factors of 1*((-4)/q - -1).
3
What are the prime factors of (-105)/(-30)*(-24)/(-14)?
2, 3
Suppose 0*r + 21 = 3*r. Let x(b) = -b**2 + 15*b - 16. What are the prime factors of x(r)?
2, 5
Let i(h) = 3*h - 5. Let v be i(-5). Let s = 1 - v. Let o = 41 - s. What are the prime factors of o?
2, 5
Let a = -150 - -229. What are the prime factors of a?
79
Let w be 0 - (4 + -3) - -11. List the prime factors of (48/w)/((-12)/(-40)).
2
Let z(w) = 10*w**2 + 4*w - 3. List the prime factors of z(2).
3, 5
Suppose 0 = -4*m - 26 - 6. Let k = m + 8. Suppose k = -3*f + 2*v + 20, -5*f = v + v - 44. List the prime factors of f.
2
Suppose 3*u - 37 = 26. List the prime factors of (-251)/(-7) + 3/u.
2, 3
Let p = -208 - -303. List the prime factors of p.
5, 19
Let k be 0*(1 - 2)/1. Suppose -3*u - 2 = w - 4*u, 5*w + 3*u - 22 = k. List the prime factors of w.
2
Suppose -4*d + 13 + 3 = 0. Suppose -d*k - 2*f + 60 = 0, -5*f + 0*f + 80 = 5*k. List the prime factors of k.
2, 7
Suppose -3*d - 2*q + 6*q = -13, 2*d + 2*q = 4. Suppose d*r - 5*x + 1 = 2, 5*r = 3*x + 23. What are the prime factors of r?
7
What are the prime factors of -233*3/(-2)*(-2)/(-3)?
233
Let k(h) = -3*h - 12. What are the prime factors of k(-11)?
3, 7
List the prime factors of (1070/40)/(((-6)/8)/(-3)).
107
Let r(b) = b**3 + 4*b**2 - 5*b. Let v be r(-5). Suppose 4*u + 5*h - 180 = v, -68 = -2*u - h + 4*h. What are the prime factors of u?
2, 5
Let b = 8 - 4. Let h be 2/b + 1/(-2). Suppose h*s + 11 = s. What are the prime factors of s?
11
Suppose 2*m - 2*i = -0*m + 16, -2*m - 2*i + 32 = 0. Let a = m - -6. List the prime factors of a.
2, 3
Suppose 13 = t + 4*j, -3*t + 0*j + 91 = -j. What are the prime factors of t?
29
Suppose 4*a - 8*a + 440 = 0. Suppose -a = -4*b + 26. What are the prime factors of b?
2, 17
Let s be (-4)/(-10) - (-65)/25. Suppose s*l - 1 = 5. Suppose 0 = 4*y + l*t - 21 - 21, -2*y + 5*t + 39 = 0. What are the prime factors of y?
2, 3
Let j(g) = 19*g - 10. List the prime factors of j(9).
7, 23
Let n(l) = -11*l + 4. What are the prime factors of n(-3)?
37
Let p be 20/(-16)*(0 - -4). Let i(k) = -k**2 + 11*k - 15. Let z be i(7). Let a = z + p. List the prime factors of a.
2
Let c = -4 + 4. Let f be -1 + 2 + c - 7. Let y(d) = -d**2 - 9*d - 5. List the prime factors of y(f).
13
Suppose -5*q + 6*z = 3*z, 0 = -5*z. Suppose q = h - 17. What are the prime factors of h?
17
Suppose 0*j - 4*j = -f - 7, f - 9 = -4*j. Suppose 0 = -5*l - 2*r + 36, j = -l + 3*r - 1. Let a = -4 + l. What are the prime factors of a?
2
Let n(t) = -t**2 + 5*t. Let y be n(4). Suppose 0 = 2*b - y*v - 10 + 4, -3*b + 17 = -2*v. What are the prime factors of b?
7
Let d(l) = 3*l**2 + 7*l + 5. List the prime factors of d(-4).
5
Let r = 13 + -10. Suppose -2*s - y + 2 + 5 = 0, s = 5*y - 13. What are the prime factors of (-36)/(-10)*(r + s)?
2, 3
Let t be ((-126)/(-10))/((-57)/(-190)). Suppose -f = -t + 7. List the prime factors of f.
5, 7
Suppose -o - 2*o + 6 = 0. Suppose o*n = n + 4. What are the prime factors of n?
2
Let p(s) be the first derivative of -s**3/3 + 11*s**2/2 - 6*s + 2. Let d be p(10). Suppose d*u = -u + 10. What are the prime factors of u?
2
Suppose -26 + 3 = -w - 5*u, -2*w = -5*u - 46. Let n = w - 16. Suppose 2*q - 5 = n. What are the prime factors of q?
2, 3
Suppose -o + 136 = v, -3*v - 3*o + 142 = -2*v. What are the prime factors of v?
7, 19
Let z(b) = 10*b**3 - 2*b**2 + 1. Let n be z(1). Suppose 9 = 2*h - n. List the prime factors of h.
3
Let t be 3*3/27*3. Suppose m = 3 + t. What are the prime factors of m?
2
Suppose -362 = 5*z - 1397. List the prime factors of z.
3, 23
Let q = -1 - -2. Let t be -32 + 1 + 2 + q. What are the prime factors of t/(-1)*1/2?
2, 7
Suppose -3*a - 3*j = 3, 3*j = -2*j - 25. Let z = a + 0. Let s(t) = 2*t - 1. What are the prime factors of s(z)?
7
Let w = 39 - 28. Suppose 3*j - 4*v = 2, -4*j + 2*v - v = -20. Let z = w - j. List the prime factors of z.
5
Suppose 0 = 5*t - 5 - 145. Suppose 5*y = 3*b + 30, -2*y - 7 + t = b. What are the prime factors of y?
3
Suppose 1030 = 3*a + 8*d - 4*d, -3*a + 2*d + 1060 = 0. What are the prime factors of a?
2, 5, 7
What are the prime factors of 12/3*9/9?
2
Suppose 0 = -i + 35 + 21. What are the prime factors of i?
2, 7
Let z(i) be the first derivative of -i**3/3 + 5*i**2/2 + 4*i + 3. Suppose 2*o = 2*r - 6, r - 14 = -3*o - 3. List the prime factors of z(r).
2
Let r(a) = -22*a**3 + a**2 + 2*a - 1. What are the prime factors of r(-2)?
5, 7
Suppose 8*i - 3*i + 80 = 0. Suppose -2*y + 32 = o, -2*o + 5*o + y = 86. Let a = i + o. List the prime factors of a.
2, 3
List the prime factors of 99/22*(-1 - -5).
2, 3
Let x(j) = -j**2 - j + 5. Let c be (2 - 2)*(-4)/(-4). List the prime factors of x(c).
5
Suppose -v - l - 7 = -3*v, -4*v + 5*l - 1 = 0. Let j be 9/v*1*2. Suppose 4*f + 16 = 4*b, -2*b - b - j*f + 30 = 0. What are the prime factors of b?
7
Let m(a) = a**3 - 7*a**2 + 6*a + 8. Let c be m(6). What are the prime factors of c/6*81/6?
2, 3
Suppose -23*m + 22*m + 122 = 0. List the prime factors of m.
2, 61
List the prime factors of 4/(-6)*(-138)/4.
23
Suppose 38 = 2*l + 10. Suppose l + 5 = w. List the prime factors of w.
19
Let k = 157 - 82. What are the prime factors of k?
3, 5
Let q(t) = -t**3 + t**2 + t + 31. Let w be -1*(1 + 3 + -4). What are the prime factors of q(w)?
31
Suppose -4*d + 4 = -8. Suppose -2*k - 226 = -5*t, 2*k = -d*t + 177 - 35. What are the prime factors of t?
2, 23
Let j(y) = -22 + 0*y - 5*y - y**2 + 22. List the prime factors of j(-4).
2
Let g be 879/(-5 + 4 + 2). What are the prime factors of (-3)/(-18) + g/18?
7
Let r(g) = -g**3 - 16*g**2 + 16*g - 11. Let c be r(-17). Suppose -3*x - 25 = -c*x + v, 0 = -4*x + 3*v + 30. List the prime factors of x.
3
Suppose -5*d + 22 = 2. List the prime factors of d.
2
Let w(t) = t**3 + 2*t**2 - 4*t + 1. List the prime factors of w(2).
3
What are the prime factors of 5/(45/21)*18?
2, 3, 7
Suppose 5*g = 8 - 3. Let t be g/(1*(-1)/(-2)). Suppose -j + 16 - 37 = -2*i, t = -2*j. List the prime factors of i.
2, 5
Let s(a) = 4*a - 1. Let f be s(1). Suppose -u - 65 = -4*w + 2*u, f*w = -u + 39. List the prime factors of w.
2, 7
Let t(o) = 4*o + 4 - 4. Let z(c) = c**2 + c - 8. Let q be z(3). What are the prime factors of t(q)?
2
Let o be 3*((-2)/(-6) - 0). Let s be (3 + 2)*(-2)/5. What are the prime factors of 4 + s + o*10?
2, 3
Suppose -5*v + 72 = r, -r - 3*r = -2*v + 20. What are the prime factors of v?
2, 7
List the prime factors of 1 + 42 - (-3)/(-6)*0.
43
Let o(j) = j**2 + 2*j + 4. Let p(r) = r + 15. Let m be p(-11). What are the prime factors of o(m)?
2, 7
List the prime factors of (-7974)/(-66) + (-2)/(-11).
11
Suppose -5*p + 701 - 66 = 5*a, -p = -3*a - 119. What are the prime factors of p?
5
Let b = 5 + -3. Suppose 4 = a + b. Suppose 3*o + a*o = 55. List the prime factors of o.
11
Suppose 0 = -2*x + 4*x - 2*h + 28, 9 = 3*h. Let d = 13 + x. Suppose 10 = 4*m + d*l - 30, 4*l + 4 = -m. List the prime factors of m.
2, 3
Suppose 2 = s - 0. Suppose 26 + 28 = s*m. Suppose -m - 21 = -4*w. What are the prime factors of w?
2, 3
Let t be 285/(-55) + 2/11. Let l(d) = -d**3 - 5*d**2 - 8*d - 4. What are the prime factors of l(t)?
2, 3
Let u be -1 + 2/(6/9). Suppose -6*z + u*z + 64 = 0. List the prime factors of z.
2
Let l be (-24)/(-14) - 2/(-7). Suppose 0*n - l*n = -20. Suppose 5*b = -2*g - n + 38, 3*g = -3*b + 15. What are the prime factors of b?
2, 3
What are the prime factors of (-12)/(-42) - 0 - (-1228)/14?
2, 11
Let s = -11 + 46. List the prime factors of s.
5, 7
Let z = -576 + 941. What are the prime factors of z?
5, 73
Let c(f) = 0*f - 7*f**2 + f**3 - f - 2 - 1 - 6*f. Let y be 2*4 + 0/(-1). What are the prime factors of c(y)?
5
Suppose 5*h = 4*h. Suppose 2*y + 0*y - 26 = h. List the prime factors of y.
13
Suppose -3*c - 3 = -0*c. Let u be c/1*1 + 1. List the prime factors of 4 + u/(-4 - -1).
2
Let h(k) = k + 3. Let y be h(3). Let n be 45/y + 3/2. Suppose 0 = 6*j - 3*j - n